1
Let n(z) = 668*z - 92. Let i be n(9). Suppose -176*v + i = -144*v. Let x be 75/2 - (-2)/(-4). Calculate the greatest common factor of v and x.
37
Let p(n) = 246*n**3 + n**2 + 60*n - 60. Let q be p(1). What is the greatest common divisor of 209 and q?
19
Let n be (-4)/(3 + -7)*1. Let z be 3 + (-1 + -1 - n) + 17. Suppose 0 = -4*j - 2*p + 40, -z = -4*j - 5*p + 23. Calculate the greatest common factor of 90 and j.
10
Let u = 88 - 58. Suppose 4*q - u = -2*n, 5*q = -12*n + 16*n + 18. Let l be (-6)/(-4) + (-5)/(-2). Calculate the highest common divisor of q and l.
2
Suppose 680 = 4392*l - 4387*l. Calculate the greatest common divisor of l and 170.
34
Let n(w) = 4*w**2 + 70*w + 325. Let g be n(-14). Calculate the greatest common divisor of g and 3.
3
Let r(x) = 9*x**2 - 11*x + 28. Let a be r(2). Calculate the greatest common divisor of 462 and a.
42
Suppose -10 + 14 = s. Suppose 532 + 0 = s*o. Calculate the greatest common divisor of 38 and o.
19
Suppose 0 = -2*l - 42 - 6. Let f be (3 - l)*4/6. Let q(a) = a**3 + 4*a**2 + 3*a - 3. Let i be q(2). What is the greatest common factor of i and f?
9
Let o be 11/110 - ((-5751)/90 - 0). Calculate the highest common divisor of 2224 and o.
16
Let v be 13568/(-448)*14/(-4). Let b = v + 50. Calculate the highest common divisor of b and 208.
52
Let s be 5 + 2 + 2 - 1/1. Let n(j) = j - 6. Let u be n(s). Suppose 0 = -u*g + q + 12, -3*g = -7*g + 3*q + 22. Calculate the greatest common factor of 49 and g.
7
Let w be (4*1/3)/(7955/(-333) - -24). Calculate the greatest common divisor of 426 and w.
6
Suppose 0 = -27*z + 22*z + 3*a + 80, 3*z = -3*a + 48. Calculate the highest common factor of z and 1592.
8
Suppose -5*r + 21 = 2*x, -22 = -2*r - 5*x - 1. Let b(p) = -292*p + 14. Let f be b(-1). Let z = f + -282. What is the highest common factor of z and r?
3
Let u = 158 - 166. Let y be (2/(-4))/((-2)/16). Let b be (u/6)/(y/(-42)). What is the greatest common factor of b and 4?
2
Let o = -174 + 194. Suppose 5*n - 10 = 0, 3*n = 3*x - 0*n - 45. Suppose j - 3 = x. Calculate the greatest common divisor of o and j.
20
Let d = 13954 - 2963. What is the highest common factor of d and 29?
29
Let v = -271 - -975. What is the highest common factor of 66 and v?
22
Let s be (-34)/(-2) + (-72)/(18 + 6). What is the greatest common divisor of s and 1883?
7
Suppose -309 = -228*l + 223*l + 4*q, -207 = -3*l - 3*q. What is the highest common divisor of 3939 and l?
13
Suppose -4*l + 25 = o, 5*l - 25 = -o + 7. Suppose 1154 = -2*x + l*x + t, 0 = -x + t + 232. Let w = 10 + 11. Calculate the greatest common divisor of x and w.
21
Let z be (-15902)/(-1) + (-14 - (-168)/12) - -4. What is the greatest common factor of z and 22?
22
Suppose 3*z = -9, 7*h = 2*h + 4*z - 858. Let x = 216 + h. Calculate the highest common factor of 24 and x.
6
Suppose 7*m - q = 8*m - 14, 0 = m + 3*q - 20. Suppose -6*p - m = 1. Let b be (p - (-2656)/36) + (-4)/(-18). What is the highest common divisor of b and 180?
36
Suppose 2*p + 44 = m - 744, 0 = -2*m + 3*p + 1574. Calculate the highest common factor of m and 147.
49
Let b = -11702 + 14034. Calculate the highest common divisor of b and 4.
4
Let z be (63/(-6) + -1)/(13 + (-20969)/1612). What is the greatest common factor of z and 46?
46
Let k = -3115 - -3205. Suppose -1483 = -14*v + 8597. Calculate the highest common divisor of v and k.
90
Suppose 0 = -36*d - 22 + 67 + 27. Calculate the highest common divisor of d and 311.
1
Let s = -297 - -303. Suppose 49*y - 47*y + s = 0, -u + 5*y = -57. Calculate the greatest common factor of u and 672.
42
Let c = -346 - -364. Suppose -1368 = -c*b - 0*b. Calculate the greatest common factor of b and 133.
19
Let r(y) = 4*y**3 + 29*y**2 - 7*y + 6. Let s be r(-7). Suppose 2 = -x + 10. What is the highest common divisor of s and x?
8
Let f = 12107 + -12091. What is the greatest common divisor of f and 80?
16
Let k(c) = c**2 + 3. Suppose -27 = -3*m + 3*a, -4*m - 2*a + 3 = -3. Let q be k(m). Let j = 7 + 50. Calculate the greatest common factor of q and j.
19
Let y(s) = -s**3 + s**2 + 10*s + 25. Let h be y(-3). Let p = 206 - h. What is the highest common divisor of 35 and p?
35
Suppose 3*q - 284 = b, 5*q - 4*b + 73 = 6*q. What is the highest common divisor of 57 and q?
3
Suppose 82387 = 22*r + 3*u, 3*r = 45*u - 41*u + 11239. Calculate the highest common divisor of r and 214.
107
Suppose 4*s = -5*f + 15453, 4219*f - 4220*f = -2*s + 7751. What is the greatest common factor of s and 256?
32
Let h be 231/6*(-8)/(-28). Let j be (-8)/(-3)*h/22*3. Calculate the highest common factor of j and 76.
4
Let p(f) = -18*f**2 + 2*f - 1. Let m be p(-2). Let n = 149 + m. Calculate the greatest common divisor of 54 and n.
18
Let z = -182 + 273. Let d = 138 - z. Calculate the greatest common divisor of 329 and d.
47
Suppose -1782 = -4*x - 2*g, 0 = 4*x - 4*g - 607 - 1157. What is the greatest common divisor of 6290 and x?
74
Suppose 8*f + 5 - 5 = 0. Suppose -x + 3*c + 71 = f, 2*x - 2*c - 81 = 41. What is the greatest common factor of 224 and x?
56
Let g be (1 - 29)/(18/(-36)). Suppose -y - 41 = -4*p, -1 = -y - 5*p - 6. Let t be 5/y*-43 - (-3)/(-5). What is the greatest common divisor of g and t?
8
Let a be (130/(-39))/((-55)/1518). What is the highest common divisor of a and 2714?
46
Let w be (-3)/6*(0/6)/6. Suppose w = 13*c - 293 + 98. What is the greatest common factor of 40 and c?
5
Let d = -18775 - -19276. What is the greatest common factor of d and 39?
3
Suppose 85 = 2*i + 3*d, -2*i + 46 + 18 = -4*d. Suppose i - 82 = -4*o. Calculate the greatest common divisor of 3 and o.
1
Let x(w) = 5*w**2 - 7*w - 26. Let f be x(6). Calculate the highest common factor of f and 26.
2
Suppose -2*t + 5*y = -207, -4*y = -5*t - 0*y + 475. Let p = 7 + 39. Let i = p - 39. Calculate the greatest common divisor of t and i.
7
Let i(w) = -8*w + 52. Let y be i(-9). Suppose 4*k - 4*m - y = 0, 0*k + 2*k - 61 = m. Calculate the highest common divisor of 30 and k.
30
Let p = -758 + 774. Calculate the greatest common divisor of p and 9.
1
Let p be 2463/3 + ((-1)/5)/((-40)/200). Calculate the greatest common divisor of 78 and p.
6
Let q be ((-1)/(-2) - 2) + 40/16. Let p be (-180)/(-24)*(24 + -2*q). What is the highest common factor of 45 and p?
15
Suppose 0 = 9*s + 32*s - 119925. Calculate the greatest common divisor of 117 and s.
117
Suppose g + 32096 = 27*g + 6*g. Calculate the highest common factor of g and 561.
17
Suppose 3*m - 25 = -64. Let q = 31 + m. Let l(a) = -416*a - 22302. Let u be l(-54). What is the greatest common divisor of u and q?
18
Let o = 322 - 141. Let n be (-1)/10 - o/(-10). Calculate the greatest common factor of 10 and n.
2
Let v be (-29)/(435/(-465)) - 4/2. What is the highest common divisor of v and 4379?
29
Let a be 0 + -1 - ((-7 - -4) + 2). Let t = a - -7. What is the highest common divisor of 259 and t?
7
Let c = -55 - -28. Let v = 42 - c. Suppose 6*q + 21 - v = 0. Calculate the greatest common divisor of q and 24.
8
Suppose -n = -4*j - 10028, 12*j = 7*j + 3*n - 12528. Let q be ((j/30)/11)/(2/(-50)). Calculate the highest common divisor of 114 and q.
38
Let r be (-44 - 8)/(7/(-105) + 0). Calculate the greatest common divisor of 26 and r.
26
Let o = -67 + 84. Let m(b) be the second derivative of b**4/6 - 4*b**3/3 + 2*b**2 - 15*b. Let h be m(8). What is the greatest common divisor of h and o?
17
Suppose -216 = -5169*y + 5166*y. Calculate the highest common divisor of y and 1422.
18
Let x = 140 + -134. Let k be ((-3969)/108)/(x/(-16)). What is the greatest common divisor of 147 and k?
49
Let f(k) = -2*k**3 + 7*k**2 + 5*k - 2. Let o be f(-1). Let a be 1*(0 + 1/o)*86. What is the highest common divisor of a and 86?
43
Suppose 3*l - 4*v + 0*v - 305 = 0, -l + 75 = 4*v. Let u be (-3 + 324/20)/(1/5). Let k = u + -47. Calculate the greatest common factor of k and l.
19
Suppose -25*w - w + 22*w = -68. Let g(s) = s**3 - 8*s**2 - s + 7. Let p be g(8). Let f = p + 69. What is the highest common divisor of f and w?
17
Let m = -387 + 413. Suppose -m = -p - 14. What is the highest common divisor of 348 and p?
12
Let s = -6583 - -6591. Calculate the highest common divisor of 428 and s.
4
Suppose -840 = -31*t + 11*t. Suppose 9*q + t = 123. Calculate the highest common divisor of 48 and q.
3
Let v be (-1 + (-2078)/(-8))*976/1